{"id":15,"date":"2017-07-08T00:01:04","date_gmt":"2017-07-07T22:01:04","guid":{"rendered":"http:\/\/www.lalambic-margon.fr\/?page_id=15"},"modified":"2025-09-30T19:07:06","modified_gmt":"2025-09-30T17:07:06","slug":"l-alambic","status":"publish","type":"page","link":"https:\/\/www.lalambic-margon.fr\/","title":{"rendered":"L Alambic"},"content":{"rendered":"<p><strong>Cuisine traditionnelle fran\u00e7aise<\/strong><strong><img decoding=\"async\" loading=\"lazy\" class=\"wp-image-52 alignleft\" src=\"http:\/\/www.lalambic-margon.fr\/wp-content\/uploads\/2017\/07\/IMG_1943-2-300x293.jpg\" alt=\"\" width=\"161\" height=\"157\" srcset=\"https:\/\/www.lalambic-margon.fr\/wp-content\/uploads\/2017\/07\/IMG_1943-2-300x293.jpg 300w, https:\/\/www.lalambic-margon.fr\/wp-content\/uploads\/2017\/07\/IMG_1943-2-768x749.jpg 768w, https:\/\/www.lalambic-margon.fr\/wp-content\/uploads\/2017\/07\/IMG_1943-2-1024x999.jpg 1024w\" sizes=\"(max-width: 161px) 100vw, 161px\" \/><\/strong><\/p>\n<p><strong>Le chef Steevens Ch\u00e9ron et Soazig Le Goff, vous accueillent dans un cadre chaleureux et convivial avec comme objectif de ravir votre palais avec une cuisine traditionnelle et toujours raffin\u00e9e. Le restaurant dispose d&rsquo;une salle priv\u00e9e pour vos r\u00e9ceptions professionnelles ou familiales du midi et du soir. Une terrasse en saison, ainsi que deux autres salles de 16 et 22 couverts peuvent \u00e9galement vous accueillir.<\/strong><strong> La carte, en harmonie avec les saisons, saura vous satisfaire tout au long de l&rsquo;ann\u00e9e.<\/strong><\/p>\n<p style=\"text-align: center;\"><strong>\u00a0<\/strong><\/p>\n<p style=\"text-align: center;\"><strong><a href=\"https:\/\/www.facebook.com\/LAlambic-Restaurant-Traditionnel-Margon-300365440336118\/\">Retrouvez nous sur Facebook pour l&rsquo;actualit\u00e9<\/a><\/strong><\/p>\n<p><img decoding=\"async\" loading=\"lazy\" class=\"aligncenter wp-image-319 \" src=\"http:\/\/www.lalambic-margon.fr\/wp-content\/uploads\/2021\/11\/IMG_20211019_110352_3-scaled.jpg\" alt=\"\" width=\"443\" height=\"387\" srcset=\"https:\/\/www.lalambic-margon.fr\/wp-content\/uploads\/2021\/11\/IMG_20211019_110352_3-scaled.jpg 2560w, https:\/\/www.lalambic-margon.fr\/wp-content\/uploads\/2021\/11\/IMG_20211019_110352_3-300x262.jpg 300w, https:\/\/www.lalambic-margon.fr\/wp-content\/uploads\/2021\/11\/IMG_20211019_110352_3-1024x894.jpg 1024w, https:\/\/www.lalambic-margon.fr\/wp-content\/uploads\/2021\/11\/IMG_20211019_110352_3-768x671.jpg 768w, https:\/\/www.lalambic-margon.fr\/wp-content\/uploads\/2021\/11\/IMG_20211019_110352_3-1536x1342.jpg 1536w, https:\/\/www.lalambic-margon.fr\/wp-content\/uploads\/2021\/11\/IMG_20211019_110352_3-2048x1789.jpg 2048w\" sizes=\"(max-width: 443px) 100vw, 443px\" \/><\/p>\n<p><img decoding=\"async\" loading=\"lazy\" class=\"aligncenter wp-image-320 \" src=\"http:\/\/www.lalambic-margon.fr\/wp-content\/uploads\/2021\/11\/IMG_20210609_122239_1-scaled.jpg\" alt=\"\" width=\"454\" height=\"341\" srcset=\"https:\/\/www.lalambic-margon.fr\/wp-content\/uploads\/2021\/11\/IMG_20210609_122239_1-scaled.jpg 2560w, https:\/\/www.lalambic-margon.fr\/wp-content\/uploads\/2021\/11\/IMG_20210609_122239_1-300x225.jpg 300w, https:\/\/www.lalambic-margon.fr\/wp-content\/uploads\/2021\/11\/IMG_20210609_122239_1-1024x768.jpg 1024w, https:\/\/www.lalambic-margon.fr\/wp-content\/uploads\/2021\/11\/IMG_20210609_122239_1-768x576.jpg 768w, https:\/\/www.lalambic-margon.fr\/wp-content\/uploads\/2021\/11\/IMG_20210609_122239_1-1536x1152.jpg 1536w, https:\/\/www.lalambic-margon.fr\/wp-content\/uploads\/2021\/11\/IMG_20210609_122239_1-2048x1536.jpg 2048w\" sizes=\"(max-width: 454px) 100vw, 454px\" \/><\/p>\n<p style=\"text-align: center;\"><img decoding=\"async\" loading=\"lazy\" class=\"aligncenter wp-image-321 \" src=\"http:\/\/www.lalambic-margon.fr\/wp-content\/uploads\/2021\/11\/IMG_20211002_162420_3-1-scaled.jpg\" alt=\"\" width=\"448\" height=\"482\" srcset=\"https:\/\/www.lalambic-margon.fr\/wp-content\/uploads\/2021\/11\/IMG_20211002_162420_3-1-scaled.jpg 2377w, https:\/\/www.lalambic-margon.fr\/wp-content\/uploads\/2021\/11\/IMG_20211002_162420_3-1-279x300.jpg 279w, https:\/\/www.lalambic-margon.fr\/wp-content\/uploads\/2021\/11\/IMG_20211002_162420_3-1-951x1024.jpg 951w, https:\/\/www.lalambic-margon.fr\/wp-content\/uploads\/2021\/11\/IMG_20211002_162420_3-1-768x827.jpg 768w, https:\/\/www.lalambic-margon.fr\/wp-content\/uploads\/2021\/11\/IMG_20211002_162420_3-1-1426x1536.jpg 1426w, https:\/\/www.lalambic-margon.fr\/wp-content\/uploads\/2021\/11\/IMG_20211002_162420_3-1-1902x2048.jpg 1902w\" sizes=\"(max-width: 448px) 100vw, 448px\" \/><\/p>\n\n<div class=\"wp-block-image\">\n<figure class=\"aligncenter size-large is-resized\"><img decoding=\"async\" loading=\"lazy\" width=\"987\" height=\"1024\" src=\"http:\/\/www.lalambic-margon.fr\/wp-content\/uploads\/2021\/11\/IMG_20211031_122327_5-1-987x1024.jpg\" alt=\"\" class=\"wp-image-318\" style=\"width:451px;height:468px\" srcset=\"https:\/\/www.lalambic-margon.fr\/wp-content\/uploads\/2021\/11\/IMG_20211031_122327_5-1-987x1024.jpg 987w, https:\/\/www.lalambic-margon.fr\/wp-content\/uploads\/2021\/11\/IMG_20211031_122327_5-1-289x300.jpg 289w, https:\/\/www.lalambic-margon.fr\/wp-content\/uploads\/2021\/11\/IMG_20211031_122327_5-1-768x797.jpg 768w, https:\/\/www.lalambic-margon.fr\/wp-content\/uploads\/2021\/11\/IMG_20211031_122327_5-1-1481x1536.jpg 1481w, https:\/\/www.lalambic-margon.fr\/wp-content\/uploads\/2021\/11\/IMG_20211031_122327_5-1-1975x2048.jpg 1975w\" sizes=\"(max-width: 987px) 100vw, 987px\" \/><\/figure><\/div>","protected":false},"excerpt":{"rendered":"<p>Cuisine traditionnelle fran\u00e7aise Le chef Steevens Ch\u00e9ron et Soazig Le Goff, vous accueillent dans un cadre chaleureux et convivial avec comme objectif de ravir votre palais avec une cuisine traditionnelle et toujours raffin\u00e9e. Le restaurant dispose d&rsquo;une salle priv\u00e9e pour vos r\u00e9ceptions professionnelles ou familiales du midi et du soir. Une terrasse en saison, ainsi <a href=\"https:\/\/www.lalambic-margon.fr\/\" class=\"more-link\">[&hellip;]<\/a><\/p>\n","protected":false},"author":1,"featured_media":0,"parent":0,"menu_order":0,"comment_status":"closed","ping_status":"closed","template":"","meta":{"footnotes":""},"_links":{"self":[{"href":"https:\/\/www.lalambic-margon.fr\/index.php\/wp-json\/wp\/v2\/pages\/15"}],"collection":[{"href":"https:\/\/www.lalambic-margon.fr\/index.php\/wp-json\/wp\/v2\/pages"}],"about":[{"href":"https:\/\/www.lalambic-margon.fr\/index.php\/wp-json\/wp\/v2\/types\/page"}],"author":[{"embeddable":true,"href":"https:\/\/www.lalambic-margon.fr\/index.php\/wp-json\/wp\/v2\/users\/1"}],"replies":[{"embeddable":true,"href":"https:\/\/www.lalambic-margon.fr\/index.php\/wp-json\/wp\/v2\/comments?post=15"}],"version-history":[{"count":35,"href":"https:\/\/www.lalambic-margon.fr\/index.php\/wp-json\/wp\/v2\/pages\/15\/revisions"}],"predecessor-version":[{"id":477,"href":"https:\/\/www.lalambic-margon.fr\/index.php\/wp-json\/wp\/v2\/pages\/15\/revisions\/477"}],"wp:attachment":[{"href":"https:\/\/www.lalambic-margon.fr\/index.php\/wp-json\/wp\/v2\/media?parent=15"}],"curies":[{"name":"wp","href":"https:\/\/api.w.org\/{rel}","templated":true}]}}